
Is 46119 a composite number?
True
Is 31531 a prime number?
True
Is 10279 a prime number?
False
Is 31121 a composite number?
False
Is 858422 a prime number?
False
Is 396287 prime?
False
Is 13643 a composite number?
True
Is 10669 a prime number?
False
Is 2939 prime?
True
Is 141781 composite?
True
Is 51 a prime number?
False
Is 57527 composite?
False
Is 752513 a composite number?
False
Is 445 a composite number?
True
Is 356287 composite?
False
Is 91997 prime?
True
Is 3986 prime?
False
Is 152981 a prime number?
True
Is 23773 prime?
True
Is 378003 a prime number?
False
Is 83 composite?
False
Is 3223247 a composite number?
False
Is 1321513 a composite number?
False
Is 10823 a prime number?
False
Is 3587 a composite number?
True
Is 26309 prime?
True
Is 7283 a composite number?
False
Is 1397191 prime?
False
Is 94769 a composite number?
True
Is 62459 a prime number?
True
Is 102623 a prime number?
False
Is 4218505 a composite number?
True
Is 18227 prime?
False
Is 24997 a prime number?
False
Is 402289 composite?
True
Is 112889 prime?
False
Is 1373 a composite number?
False
Is 704549 a composite number?
False
Is 25869 a prime number?
False
Is 14273 prime?
False
Is 751261 prime?
False
Is 42037 composite?
True
Is 94853 a prime number?
False
Is 72235 composite?
True
Is 151801 prime?
False
Is 5327 prime?
False
Is 312773 a composite number?
False
Is 1521853 a composite number?
False
Is 157673 a composite number?
True
Is 1566137 prime?
True
Is 36317 a prime number?
False
Is 329123 composite?
False
Is 112231 prime?
False
Is 75979 composite?
False
Is 210305 a prime number?
False
Is 10727 a prime number?
False
Is 39581 a composite number?
False
Is 11483 prime?
True
Is 39367 a prime number?
True
Is 31379 a composite number?
False
Is 12473 composite?
False
Is 144511 a composite number?
False
Is 177442 prime?
False
Is 62921 a composite number?
False
Is 1066973 a prime number?
True
Is 25889 a composite number?
False
Is 34913 a prime number?
True
Is 699253 a prime number?
True
Is 200453 composite?
True
Is 1686527 prime?
True
Is 2428631 a composite number?
True
Is 228677 prime?
True
Is 149861 composite?
False
Is 2874299 a composite number?
False
Is 61211 a prime number?
True
Is 5170739 a prime number?
False
Is 2237 prime?
True
Is 4621 composite?
False
Is 274399 composite?
True
Is 3593 a composite number?
False
Is 57907 prime?
False
Is 557 prime?
True
Is 2521 prime?
True
Is 42481 a composite number?
True
Is 2777 composite?
False
Is 24121 a composite number?
False
Is 2062 a composite number?
True
Is 1121151 composite?
True
Is 1816187 composite?
False
Is 5921459 a prime number?
True
Is 1067 a composite number?
True
Is 3272617 a prime number?
False
Is 49003 composite?
False
Is 6899 prime?
True
Is 32401 a prime number?
True
Is 354433 prime?
False
Is 6287 composite?
False
Is 932131 prime?
True
Is 877057 prime?
True
Is 2477 a prime number?
True
Is 96377 a composite number?
False
Is 468421 a composite number?
False
Is 53329 a composite number?
True
Is 3511 a composite number?
False
Is 32459 prime?
False
Is 132941 prime?
False
Is 16147 composite?
True
Is 9967 prime?
True
Is 9803 composite?
False
Is 1338243 a composite number?
True
Is 413 a composite number?
True
Is 6934 a prime number?
False
Is 3140741 composite?
False
Is 15499 a composite number?
True
Is 175829 a composite number?
False
Is 10847 a prime number?
True
Is 397703 prime?
False
Is 20663 a prime number?
True
Is 78479 a composite number?
False
Is 6491 composite?
False
Is 10289 composite?
False
Is 30677 a composite number?
False
Is 6382 a composite number?
True
Is 5779 a prime number?
True
Is 445001 a composite number?
False
Is 3455 a prime number?
False
Is 13595 a composite number?
True
Is 39019 prime?
True
Is 242519 composite?
False
Is 11569 a composite number?
True
Is 42877 a composite number?
True
Is 4763 prime?
False
Is 23269 composite?
False
Is 560923 a prime number?
False
Is 28685 a composite number?
True
Is 39499 prime?
True
Is 64511 a composite number?
True
Is 3163 composite?
False
Is 157621 a composite number?
True
Is 154237 composite?
True
Is 42493 prime?
False
Is 367819 composite?
False
Is 9901 a prime number?
True
Is 203117 a composite number?
False
Is 2137957 prime?
True
Is 515751 a prime number?
False
Is 73351 a prime number?
True
Is 5017 prime?
False
Is 111049 composite?
False
Is 12457 a prime number?
True
Is 19069 prime?
True
Is 688429 prime?
False
Is 17291 prime?
True
Is 340709 a prime number?
True
Is 53777 composite?
False
Is 1103 a prime number?
True
Is 1657727 prime?
False
Is 3659 a composite number?
False
Is 1974655 prime?
False
Is 18007 a prime number?
False
Is 13415 composite?
True
Is 937207 a composite number?
False
Is 7679 a prime number?
False
Is 587 composite?
False
Is 1649 prime?
False
Is 7447 prime?
False
Is 92509 composite?
True
Is 53681 a composite number?
False
Is 23399 a prime number?
True
Is 24317 a prime number?
True
Is 9017 prime?
False
Is 16751 composite?
True
Is 1630081 composite?
True
Is 670363 a composite number?
False
Is 59197 a composite number?
False
Is 24319 prime?
False
Is 9687 composite?
True
Is 39499 prime?
True
Is 2819 a composite number?
False
Is 2577059 composite?
True
Is 4461671 a prime number?
True
Is 453 a prime number?
False
Is 7177 a prime number?
True
Is 14757 a composite number?
True
Is 655 a composite number?
True
Is 33503 a composite number?
False
Is 74929 a prime number?
True
Is 102127 composite?
True
Is 7711 a prime number?
False
Is 68339 a composite number?
True
Is 12811 a prime number?
False
Is 3274697 a prime number?
True
Is 41113 composite?
False
Is 802023 prime?
False
Is 29527 a prime number?
True
Is 480287 prime?
True
Is 340139 prime?
False
Is 1627439 composite?
True
Is 45469 prime?
False
Is 10371 a composite number?
True
Is 20089 a prime number?
True
Is 20743 composite?
False
Is 780851 a composite number?
False
Is 45593 prime?
False
Is 10895 prime?
False
Is 10249 a prime number?
False
Is 1011763 a prime number?
True
Is 6599 prime?
True
Is 377743 prime?
False
Is 525269 prime?
False
Is 69877 a prime number?
True
Is 57569 composite?
True
Is 2649214 a prime number?
False
Is 188107 prime?
True
Is 70643 prime?
False
Is 4417 composite?
True
Is 17261 prime?
False
Is 331 a prime number?
True
Is 8119 prime?
False
Is 127 prime?
True
Is 32885 a prime number?
False
Is 23729 a prime number?
False
Is 2962462 a prime number?
False
Is 40571 a composite number?
True
Is 65881 composite?
False
Is 8999 a composite number?
False
Is 1112239 composite?
False
Is 44439 prime?
False
Is 31469 prime?
True
Is 4321 a prime number?
False
Is 47449 composite?
True
Is 158174 a prime number?
False
Is 14431 a composite number?
False
Is 7753 a composite number?
False
Is 16331 a prime number?
False
Is 5807 a composite number?
False
Is 84499 a composite number?
False
Is 102637 a composite number?
True
Is 3493 composite?
True
Is 16051 prime?
False
Is 205711 a composite number?
True
Is 163 a composite number?
False
Is 6959 a composite number?
False
Is 9881 composite?
True
Is 40693 prime?
True
Is 3587 composite?
True
Is 5839 a composite number?
False
Is 212417 composite?
True
Is 6467 a composite number?
True
Is 78803 a composite number?
False
Is 14221 prime?
True
Is 62251 composite?
True
Is 6005 a prime number?
False
Is 64849 a composite number?
False
Is 17467 a prime number?
True
Is 1973 a composite number?
False
Is 1619 a prime number?
True
Is 3787 prime?
False
Is 689441 a composite number?
False
Is 72763 composite?
False
Is 123113 prime?
True
Is 4195 composite?
True
Is 5351 a composite number?
False
Is 1575427 a composite number?
True
Is 9974 a composite number?
True
Is 3433 a prime number?
True
Is 41443 composite?
False
Is 172697 composite?
True
Is 83303 a composite number?
True
Is 180857 prime?
False
Is 26914 a composite number?
True
Is 409327 composite?
False
Is 9613 a composite number?
False
Is 393607 composite?
True
Is 53147 composite?
False
Is 10037 composite?
False
Is 163811 a prime number?
True
Is 205019 prime?
True
Is 1208113 a composite number?
False
Is 260371 composite?
True
Is 152597 a prime number?
True
Is 921 prime?
False
Is 164569 prime?
True
Is 2742359 prime?
False
Is 49409 composite?
False
Is 5581 composite?
False
Is 5261 a prime number?
True
Is 91283 prime?
True
Is 12